{"id":744,"date":"2021-07-11T13:11:21","date_gmt":"2021-07-11T13:11:21","guid":{"rendered":"http:\/\/letempledartemis.com\/?page_id=744"},"modified":"2021-08-15T17:35:51","modified_gmt":"2021-08-15T17:35:51","slug":"pumpkin-diamond-lumiere-dore-du-temple-dartemis","status":"publish","type":"page","link":"http:\/\/letempledartemis.com\/index.php\/services\/pumpkin-diamond-lumiere-dore-du-temple-dartemis\/","title":{"rendered":""},"content":{"rendered":"\n<div class=\"wp-block-image\"><figure class=\"aligncenter size-large is-resized\"><img loading=\"lazy\" decoding=\"async\" src=\"http:\/\/letempledartemis.com\/wp-content\/uploads\/2021\/07\/image-Pumpkin-page-perso.jpg\" alt=\"\" class=\"wp-image-759\" width=\"1007\" height=\"487\" srcset=\"http:\/\/letempledartemis.com\/wp-content\/uploads\/2021\/07\/image-Pumpkin-page-perso.jpg 937w, http:\/\/letempledartemis.com\/wp-content\/uploads\/2021\/07\/image-Pumpkin-page-perso-300x145.jpg 300w, http:\/\/letempledartemis.com\/wp-content\/uploads\/2021\/07\/image-Pumpkin-page-perso-768x371.jpg 768w\" sizes=\"auto, (max-width: 1007px) 100vw, 1007px\" \/><\/figure><\/div>\n\n\n\n<p class=\"has-text-align-center has-luminous-vivid-orange-color has-text-color\" style=\"font-size:33px\"><strong>Pumpkin Diamond Lumi\u00e8re Dore du Temple d&rsquo;Art\u00e9mis<\/strong><\/p>\n\n\n\n<p class=\"has-text-align-center\">(Jolliffeite Vingt Ans&rsquo;Za du Temple d&rsquo;Art\u00e9mis &amp; Newlook Nabucco lowe vom Bernburgenland)<\/p>\n\n\n\n<p class=\"has-text-align-center\">N\u00e9 le 21 Fevrier 2019<\/p>\n\n\n\n<figure class=\"wp-block-table is-style-stripes\"><table><tbody><tr><td><strong>&nbsp;LOF<\/strong><\/td><td><strong>Identification&nbsp;<\/strong><\/td><td><strong>Tests G\u00e9netique&nbsp;<\/strong><\/td><td><strong>HD \/ ED&nbsp;&nbsp;<\/strong><\/td><td><strong>&nbsp;TAN \/ TRR<\/strong><\/td><td><strong>&nbsp;Cotation SCC<\/strong><\/td><\/tr><tr><td><strong>&nbsp;37096\/6356<\/strong><\/td><td><strong>250268732385110<\/strong><\/td><td><strong>&nbsp;LPN1 N\/N (parents)<br>LPN2 N\/N (parents)<br>LEMP N\/N&nbsp; (parents)<\/strong><br><strong>LPPN3 N\/N<\/strong><\/td><td><strong>HD AA<br>ED 00<\/strong><\/td><td><strong>A venir&nbsp;<\/strong><\/td><td><strong>A venir&nbsp;<\/strong><\/td><\/tr><\/tbody><\/table><\/figure>\n\n\n\n<p class=\"has-text-align-center\">Voir sa\u00a0<a href=\"https:\/\/www.centrale-canine.fr\/lofselect\/chien\/pumpkin-diamond-lumiere-dore-7226046\" target=\"_blank\" rel=\"noreferrer noopener\">page sur LOF Select<\/a><\/p>\n\n\n\n<p class=\"has-text-align-center\">Disponible en reproduction<\/p>\n\n\n\n<div class=\"wp-block-columns is-layout-flex wp-container-core-columns-is-layout-9d6595d7 wp-block-columns-is-layout-flex\">\n<div class=\"wp-block-column is-layout-flow wp-block-column-is-layout-flow\" style=\"flex-basis:100%\">\n<div class=\"wp-block-group\"><div class=\"wp-block-group__inner-container is-layout-flow wp-block-group-is-layout-flow\">\n<div class=\"wp-block-columns is-layout-flex wp-container-core-columns-is-layout-9d6595d7 wp-block-columns-is-layout-flex\">\n<div class=\"wp-block-column is-layout-flow wp-block-column-is-layout-flow\" style=\"flex-basis:100%\">\n<div class=\"wp-block-jetpack-tiled-gallery is-style-rectangular\"><div class=\"tiled-gallery__gallery\"><div class=\"tiled-gallery__row\"><div class=\"tiled-gallery__col\" style=\"flex-basis:15.41963%\"><figure class=\"tiled-gallery__item\"><img decoding=\"async\" srcset=\"https:\/\/i2.wp.com\/letempledartemis.com\/wp-content\/uploads\/2021\/07\/IMG_1658.jpg?strip=info&#038;w=600 600w,https:\/\/i2.wp.com\/letempledartemis.com\/wp-content\/uploads\/2021\/07\/IMG_1658.jpg?strip=info&#038;w=900 900w,https:\/\/i2.wp.com\/letempledartemis.com\/wp-content\/uploads\/2021\/07\/IMG_1658.jpg?strip=info&#038;w=1200 1200w,https:\/\/i2.wp.com\/letempledartemis.com\/wp-content\/uploads\/2021\/07\/IMG_1658.jpg?strip=info&#038;w=1500 1500w,https:\/\/i2.wp.com\/letempledartemis.com\/wp-content\/uploads\/2021\/07\/IMG_1658.jpg?strip=info&#038;w=1800 1800w,https:\/\/i2.wp.com\/letempledartemis.com\/wp-content\/uploads\/2021\/07\/IMG_1658.jpg?strip=info&#038;w=1920 1920w\" alt=\"\" data-height=\"1920\" data-id=\"601\" data-link=\"http:\/\/letempledartemis.com\/index.php\/ringwoodie-la-corgi\/img_1658\/\" data-url=\"http:\/\/letempledartemis.com\/wp-content\/uploads\/2021\/07\/IMG_1658.jpg\" data-width=\"1279\" src=\"https:\/\/i2.wp.com\/letempledartemis.com\/wp-content\/uploads\/2021\/07\/IMG_1658.jpg\" data-amp-layout=\"responsive\"\/><\/figure><\/div><div class=\"tiled-gallery__col\" style=\"flex-basis:15.43159%\"><figure class=\"tiled-gallery__item\"><img decoding=\"async\" srcset=\"https:\/\/i1.wp.com\/letempledartemis.com\/wp-content\/uploads\/2021\/07\/IMG_1673.jpg?strip=info&#038;w=600 600w,https:\/\/i1.wp.com\/letempledartemis.com\/wp-content\/uploads\/2021\/07\/IMG_1673.jpg?strip=info&#038;w=900 900w,https:\/\/i1.wp.com\/letempledartemis.com\/wp-content\/uploads\/2021\/07\/IMG_1673.jpg?strip=info&#038;w=1200 1200w,https:\/\/i1.wp.com\/letempledartemis.com\/wp-content\/uploads\/2021\/07\/IMG_1673.jpg?strip=info&#038;w=1500 1500w,https:\/\/i1.wp.com\/letempledartemis.com\/wp-content\/uploads\/2021\/07\/IMG_1673.jpg?strip=info&#038;w=1800 1800w,https:\/\/i1.wp.com\/letempledartemis.com\/wp-content\/uploads\/2021\/07\/IMG_1673.jpg?strip=info&#038;w=1920 1920w\" alt=\"\" data-height=\"1920\" data-id=\"602\" data-link=\"http:\/\/letempledartemis.com\/index.php\/ringwoodie-la-corgi\/img_1673\/\" data-url=\"http:\/\/letempledartemis.com\/wp-content\/uploads\/2021\/07\/IMG_1673.jpg\" data-width=\"1280\" src=\"https:\/\/i1.wp.com\/letempledartemis.com\/wp-content\/uploads\/2021\/07\/IMG_1673.jpg\" data-amp-layout=\"responsive\"\/><\/figure><\/div><div class=\"tiled-gallery__col\" style=\"flex-basis:34.57439%\"><figure class=\"tiled-gallery__item\"><img decoding=\"async\" srcset=\"https:\/\/i2.wp.com\/letempledartemis.com\/wp-content\/uploads\/2021\/07\/IMG_1526.jpg?strip=info&#038;w=600 600w,https:\/\/i2.wp.com\/letempledartemis.com\/wp-content\/uploads\/2021\/07\/IMG_1526.jpg?strip=info&#038;w=900 900w,https:\/\/i2.wp.com\/letempledartemis.com\/wp-content\/uploads\/2021\/07\/IMG_1526.jpg?strip=info&#038;w=1200 1200w,https:\/\/i2.wp.com\/letempledartemis.com\/wp-content\/uploads\/2021\/07\/IMG_1526.jpg?strip=info&#038;w=1280 1280w\" alt=\"\" data-height=\"1280\" data-id=\"607\" data-link=\"http:\/\/letempledartemis.com\/index.php\/home\/img_1526\/\" data-url=\"http:\/\/letempledartemis.com\/wp-content\/uploads\/2021\/07\/IMG_1526.jpg\" data-width=\"1920\" src=\"https:\/\/i2.wp.com\/letempledartemis.com\/wp-content\/uploads\/2021\/07\/IMG_1526.jpg\" data-amp-layout=\"responsive\"\/><\/figure><\/div><div class=\"tiled-gallery__col\" style=\"flex-basis:34.57439%\"><figure class=\"tiled-gallery__item\"><img decoding=\"async\" srcset=\"https:\/\/i2.wp.com\/letempledartemis.com\/wp-content\/uploads\/2021\/08\/IMG_1739.jpg?strip=info&#038;w=600 600w,https:\/\/i2.wp.com\/letempledartemis.com\/wp-content\/uploads\/2021\/08\/IMG_1739.jpg?strip=info&#038;w=900 900w,https:\/\/i2.wp.com\/letempledartemis.com\/wp-content\/uploads\/2021\/08\/IMG_1739.jpg?strip=info&#038;w=1200 1200w,https:\/\/i2.wp.com\/letempledartemis.com\/wp-content\/uploads\/2021\/08\/IMG_1739.jpg?strip=info&#038;w=1280 1280w\" alt=\"\" data-height=\"1280\" data-id=\"1014\" data-link=\"http:\/\/letempledartemis.com\/index.php\/services\/pumpkin-diamond-lumiere-dore-du-temple-dartemis\/img_1739\/\" data-url=\"http:\/\/letempledartemis.com\/wp-content\/uploads\/2021\/08\/IMG_1739.jpg\" data-width=\"1920\" src=\"https:\/\/i2.wp.com\/letempledartemis.com\/wp-content\/uploads\/2021\/08\/IMG_1739.jpg\" data-amp-layout=\"responsive\"\/><\/figure><\/div><\/div><\/div><\/div>\n\n\n\n<h2 class=\"has-text-align-center wp-block-heading\">Pumpkin Diamond &#8211; Juillet 2021<\/h2>\n<\/div>\n<\/div>\n<\/div><\/div>\n<\/div>\n<\/div>\n\n\n\n<div class=\"wp-block-image\"><figure class=\"aligncenter\"><img decoding=\"async\" src=\"http:\/\/letempledartemis.fr\/resources\/_wsb_920x1301_pumpkin+photos+1.jpg\" alt=\"\"\/><\/figure><\/div>\n","protected":false},"excerpt":{"rendered":"<p>Pumpkin Diamond Lumi\u00e8re Dore du Temple d&rsquo;Art\u00e9mis (Jolliffeite Vingt Ans&rsquo;Za du Temple d&rsquo;Art\u00e9mis &amp; Newlook Nabucco lowe vom Bernburgenland) N\u00e9 le 21 Fevrier 2019 &nbsp;LOF Identification&nbsp; Tests G\u00e9netique&nbsp; HD \/ ED&nbsp;&nbsp; &nbsp;TAN \/ TRR &nbsp;Cotation SCC &nbsp;37096\/6356 250268732385110 &nbsp;LPN1 N\/N (parents)LPN2 N\/N (parents)LEMP N\/N&nbsp; (parents)LPPN3 N\/N HD AAED 00 A venir&nbsp; A venir&nbsp; Voir sa\u00a0page &hellip;<\/p>\n<p class=\"read-more\"> <a class=\"\" href=\"http:\/\/letempledartemis.com\/index.php\/services\/pumpkin-diamond-lumiere-dore-du-temple-dartemis\/\">  Lire la suite\u00a0\u00bb<\/a><\/p>\n","protected":false},"author":1,"featured_media":0,"parent":219,"menu_order":2,"comment_status":"closed","ping_status":"closed","template":"","meta":{"om_disable_all_campaigns":false,"_monsterinsights_skip_tracking":false,"_monsterinsights_sitenote_active":false,"_monsterinsights_sitenote_note":"","_monsterinsights_sitenote_category":0,"spay_email":"","footnotes":""},"class_list":["post-744","page","type-page","status-publish","hentry"],"_links":{"self":[{"href":"http:\/\/letempledartemis.com\/index.php\/wp-json\/wp\/v2\/pages\/744","targetHints":{"allow":["GET"]}}],"collection":[{"href":"http:\/\/letempledartemis.com\/index.php\/wp-json\/wp\/v2\/pages"}],"about":[{"href":"http:\/\/letempledartemis.com\/index.php\/wp-json\/wp\/v2\/types\/page"}],"author":[{"embeddable":true,"href":"http:\/\/letempledartemis.com\/index.php\/wp-json\/wp\/v2\/users\/1"}],"replies":[{"embeddable":true,"href":"http:\/\/letempledartemis.com\/index.php\/wp-json\/wp\/v2\/comments?post=744"}],"version-history":[{"count":10,"href":"http:\/\/letempledartemis.com\/index.php\/wp-json\/wp\/v2\/pages\/744\/revisions"}],"predecessor-version":[{"id":1016,"href":"http:\/\/letempledartemis.com\/index.php\/wp-json\/wp\/v2\/pages\/744\/revisions\/1016"}],"up":[{"embeddable":true,"href":"http:\/\/letempledartemis.com\/index.php\/wp-json\/wp\/v2\/pages\/219"}],"wp:attachment":[{"href":"http:\/\/letempledartemis.com\/index.php\/wp-json\/wp\/v2\/media?parent=744"}],"curies":[{"name":"wp","href":"https:\/\/api.w.org\/{rel}","templated":true}]}}