{"id":611,"date":"2021-07-06T19:43:12","date_gmt":"2021-07-06T19:43:12","guid":{"rendered":"http:\/\/letempledartemis.com\/?page_id=611"},"modified":"2021-11-21T15:59:46","modified_gmt":"2021-11-21T15:59:46","slug":"mookite-adeuxailesdefees-du-temple-dartemis","status":"publish","type":"page","link":"http:\/\/letempledartemis.com\/index.php\/services\/mookite-adeuxailesdefees-du-temple-dartemis\/","title":{"rendered":""},"content":{"rendered":"\n<div class=\"wp-block-image is-style-default\"><figure class=\"aligncenter size-large is-resized\"><img loading=\"lazy\" decoding=\"async\" src=\"http:\/\/letempledartemis.com\/wp-content\/uploads\/2021\/07\/Image-mookite-page-perso.jpg\" alt=\"\" class=\"wp-image-761\" width=\"970\" height=\"414\" srcset=\"http:\/\/letempledartemis.com\/wp-content\/uploads\/2021\/07\/Image-mookite-page-perso.jpg 938w, http:\/\/letempledartemis.com\/wp-content\/uploads\/2021\/07\/Image-mookite-page-perso-300x128.jpg 300w, http:\/\/letempledartemis.com\/wp-content\/uploads\/2021\/07\/Image-mookite-page-perso-768x328.jpg 768w\" sizes=\"auto, (max-width: 970px) 100vw, 970px\" \/><\/figure><\/div>\n\n\n\n<p class=\"has-text-align-center has-luminous-vivid-orange-color has-text-color\" style=\"font-size:33px\"><strong>Mookite Adeuxailesdeff\u00e9es du Temple d&rsquo;Art\u00e9mis<\/strong><\/p>\n\n\n\n<p class=\"has-text-align-center\"><a href=\"https:\/\/www.centrale-canine.fr\/lofselect\/chien\/jolliffeite-vingt-ansza-du-temple-dartemis-5900540\" title=\"https:\/\/www.centrale-canine.fr\/lofselect\/chien\/jolliffeite-vingt-ansza-du-temple-dartemis-5900540\">Jolliffeite<\/a>&nbsp;Vingt Ans&rsquo;Za du Temple d&rsquo;Art\u00e9mis &amp; Nero (Muffin)<\/p>\n\n\n\n<p class=\"has-text-align-center\">N\u00e9e le 17 Novembre 2016<\/p>\n\n\n\n<figure class=\"wp-block-table is-style-stripes\"><table><tbody><tr><td><strong>&nbsp;LOF<\/strong><\/td><td class=\"has-text-align-center\" data-align=\"center\"><strong>&nbsp;Identification<\/strong><\/td><td><strong>tests genetique&nbsp;<\/strong><\/td><td><strong>HD \/ED&nbsp;<\/strong><\/td><td><strong>&nbsp;TAN \/TRR<\/strong><\/td><td><strong>&nbsp;Cotation SCC<\/strong><\/td><\/tr><tr><td><strong>&nbsp;34841\/7120<\/strong><\/td><td class=\"has-text-align-center\" data-align=\"center\"><strong>250269812083457&nbsp;<\/strong><\/td><td><strong>&nbsp;LPN1 N\/N (parents)<br>LPN2 N\/N (parents)<br>LEMP N\/N&nbsp;<\/strong><\/td><td><strong>HD AA<br>ED 00&nbsp;<\/strong><\/td><td><strong>&nbsp;TAN ok<br>TRR ok<\/strong><\/td><td><strong>4 lice recommand\u00e9e&nbsp;&nbsp;<\/strong><\/td><\/tr><\/tbody><\/table><\/figure>\n\n\n\n<p class=\"has-text-align-center\">Voir sa&nbsp;<a href=\"https:\/\/www.centrale-canine.fr\/lofselect\/chien-ws\/6611705\" target=\"_blank\" rel=\"noreferrer noopener\">page sur LOF select<\/a><\/p>\n\n\n\n<div class=\"wp-block-buttons is-layout-flex wp-block-buttons-is-layout-flex\">\n<div class=\"wp-block-button\"><a class=\"wp-block-button__link\" href=\"http:\/\/letempledartemis.com\/index.php\/portee-r-ohmykkini\/\"><strong>ses b\u00e9b\u00e9s R-ohmy&rsquo;kkini<\/strong><\/a><\/div>\n\n\n\n<div class=\"wp-block-button\"><a class=\"wp-block-button__link\" href=\"http:\/\/letempledartemis.com\/index.php\/1037-2\/\"><strong>Ses b\u00e9b\u00e9s S-Moopity Love<\/strong><\/a><\/div>\n<\/div>\n\n\n\n<div class=\"wp-block-image\"><figure class=\"aligncenter size-large\"><img loading=\"lazy\" decoding=\"async\" width=\"1024\" height=\"683\" src=\"http:\/\/letempledartemis.com\/wp-content\/uploads\/2021\/08\/IMG_1717-1024x683.jpg\" alt=\"\" class=\"wp-image-1012\" srcset=\"http:\/\/letempledartemis.com\/wp-content\/uploads\/2021\/08\/IMG_1717-1024x683.jpg 1024w, http:\/\/letempledartemis.com\/wp-content\/uploads\/2021\/08\/IMG_1717-300x200.jpg 300w, http:\/\/letempledartemis.com\/wp-content\/uploads\/2021\/08\/IMG_1717-768x512.jpg 768w, http:\/\/letempledartemis.com\/wp-content\/uploads\/2021\/08\/IMG_1717-1536x1024.jpg 1536w, http:\/\/letempledartemis.com\/wp-content\/uploads\/2021\/08\/IMG_1717.jpg 1920w\" sizes=\"auto, (max-width: 1024px) 100vw, 1024px\" \/><figcaption>Mookite, juillet 2021<\/figcaption><\/figure><\/div>\n\n\n\n<div class=\"wp-block-image\"><figure class=\"aligncenter\"><img decoding=\"async\" src=\"http:\/\/letempledartemis.fr\/resources\/_wsb_920x1300_Mookite.jpg\" alt=\"\"\/><\/figure><\/div>\n\n\n\n<div class=\"wp-block-image\"><figure class=\"aligncenter\"><img decoding=\"async\" src=\"http:\/\/letempledartemis.fr\/resources\/Mookite+groupe+photos+1.jpg\" alt=\"\"\/><\/figure><\/div>\n\n\n\n<div class=\"wp-block-image\"><figure class=\"aligncenter\"><img decoding=\"async\" src=\"http:\/\/letempledartemis.fr\/resources\/Pedigree+Mookite.jpg\" alt=\"\"\/><\/figure><\/div>\n\n\n\n<p class=\"has-text-align-center\"> <img loading=\"lazy\" decoding=\"async\" width=\"700\" height=\"467\" class=\"wp-image-606\" style=\"width: 700px;\" src=\"http:\/\/letempledartemis.com\/wp-content\/uploads\/2021\/07\/IMG_1125.jpg\" alt=\"\" srcset=\"http:\/\/letempledartemis.com\/wp-content\/uploads\/2021\/07\/IMG_1125.jpg 1920w, http:\/\/letempledartemis.com\/wp-content\/uploads\/2021\/07\/IMG_1125-300x200.jpg 300w, http:\/\/letempledartemis.com\/wp-content\/uploads\/2021\/07\/IMG_1125-1024x683.jpg 1024w, http:\/\/letempledartemis.com\/wp-content\/uploads\/2021\/07\/IMG_1125-768x512.jpg 768w, http:\/\/letempledartemis.com\/wp-content\/uploads\/2021\/07\/IMG_1125-1536x1024.jpg 1536w\" sizes=\"auto, (max-width: 700px) 100vw, 700px\" \/><\/p>\n","protected":false},"excerpt":{"rendered":"<p>Mookite Adeuxailesdeff\u00e9es du Temple d&rsquo;Art\u00e9mis Jolliffeite&nbsp;Vingt Ans&rsquo;Za du Temple d&rsquo;Art\u00e9mis &amp; Nero (Muffin) N\u00e9e le 17 Novembre 2016 &nbsp;LOF &nbsp;Identification tests genetique&nbsp; HD \/ED&nbsp; &nbsp;TAN \/TRR &nbsp;Cotation SCC &nbsp;34841\/7120 250269812083457&nbsp; &nbsp;LPN1 N\/N (parents)LPN2 N\/N (parents)LEMP N\/N&nbsp; HD AAED 00&nbsp; &nbsp;TAN okTRR ok 4 lice recommand\u00e9e&nbsp;&nbsp; Voir sa&nbsp;page sur LOF select<\/p>\n","protected":false},"author":1,"featured_media":0,"parent":219,"menu_order":0,"comment_status":"closed","ping_status":"closed","template":"","meta":{"om_disable_all_campaigns":false,"_monsterinsights_skip_tracking":false,"_monsterinsights_sitenote_active":false,"_monsterinsights_sitenote_note":"","_monsterinsights_sitenote_category":0,"spay_email":"","footnotes":""},"class_list":["post-611","page","type-page","status-publish","hentry"],"_links":{"self":[{"href":"http:\/\/letempledartemis.com\/index.php\/wp-json\/wp\/v2\/pages\/611","targetHints":{"allow":["GET"]}}],"collection":[{"href":"http:\/\/letempledartemis.com\/index.php\/wp-json\/wp\/v2\/pages"}],"about":[{"href":"http:\/\/letempledartemis.com\/index.php\/wp-json\/wp\/v2\/types\/page"}],"author":[{"embeddable":true,"href":"http:\/\/letempledartemis.com\/index.php\/wp-json\/wp\/v2\/users\/1"}],"replies":[{"embeddable":true,"href":"http:\/\/letempledartemis.com\/index.php\/wp-json\/wp\/v2\/comments?post=611"}],"version-history":[{"count":13,"href":"http:\/\/letempledartemis.com\/index.php\/wp-json\/wp\/v2\/pages\/611\/revisions"}],"predecessor-version":[{"id":1152,"href":"http:\/\/letempledartemis.com\/index.php\/wp-json\/wp\/v2\/pages\/611\/revisions\/1152"}],"up":[{"embeddable":true,"href":"http:\/\/letempledartemis.com\/index.php\/wp-json\/wp\/v2\/pages\/219"}],"wp:attachment":[{"href":"http:\/\/letempledartemis.com\/index.php\/wp-json\/wp\/v2\/media?parent=611"}],"curies":[{"name":"wp","href":"https:\/\/api.w.org\/{rel}","templated":true}]}}