{"id":219,"date":"2020-05-12T03:43:04","date_gmt":"2020-05-12T03:43:04","guid":{"rendered":"http:\/\/letempledartemis.com\/index.php\/services\/"},"modified":"2021-10-23T12:55:33","modified_gmt":"2021-10-23T12:55:33","slug":"services","status":"publish","type":"page","link":"http:\/\/letempledartemis.com\/index.php\/services\/","title":{"rendered":"Nos chiens"},"content":{"rendered":"\n<div class=\"wp-block-cover alignfull has-background-dim-20 has-black-background-color has-background-dim has-parallax has-custom-content-position is-position-center-right\" style=\"background-image:url(http:\/\/letempledartemis.com\/wp-content\/uploads\/2021\/07\/mont-group-3.jpg);min-height:653px;aspect-ratio:unset;\"><div class=\"wp-block-cover__inner-container is-layout-flow wp-block-cover-is-layout-flow\">\n<h1 class=\"has-text-align-center has-white-color has-text-color wp-block-heading\">Nos chiens<\/h1>\n\n\n\n<p><\/p>\n<\/div><\/div>\n\n\n\n<div class=\"wp-block-group alignfull has-white-background-color has-background\"><div class=\"wp-block-group__inner-container is-layout-flow wp-block-group-is-layout-flow\">\n<div class=\"wp-block-media-text has-media-on-the-right is-stacked-on-mobile\" style=\"grid-template-columns:auto 56%\"><figure class=\"wp-block-media-text__media\"><a href=\"http:\/\/letempledartemis.com\/index.php\/services\/mookite-adeuxailesdefees-du-temple-dartemis\/\"><img loading=\"lazy\" decoding=\"async\" width=\"1024\" height=\"683\" src=\"http:\/\/letempledartemis.com\/wp-content\/uploads\/2021\/07\/IMG_1125-1024x683.jpg\" alt=\"\" class=\"wp-image-606 size-full\" srcset=\"http:\/\/letempledartemis.com\/wp-content\/uploads\/2021\/07\/IMG_1125-1024x683.jpg 1024w, http:\/\/letempledartemis.com\/wp-content\/uploads\/2021\/07\/IMG_1125-300x200.jpg 300w, http:\/\/letempledartemis.com\/wp-content\/uploads\/2021\/07\/IMG_1125-768x512.jpg 768w, http:\/\/letempledartemis.com\/wp-content\/uploads\/2021\/07\/IMG_1125-1536x1024.jpg 1536w, http:\/\/letempledartemis.com\/wp-content\/uploads\/2021\/07\/IMG_1125.jpg 1920w\" sizes=\"auto, (max-width: 1024px) 100vw, 1024px\" \/><\/a><\/figure><div class=\"wp-block-media-text__content\">\n<p class=\"has-text-align-right\">Mookite Adeuxailesdeffees du Temple d&rsquo;Artemis            <\/p>\n\n\n\n<div class=\"wp-block-buttons is-content-justification-right is-layout-flex wp-block-buttons-is-layout-flex\">\n<div class=\"wp-block-button\"><a class=\"wp-block-button__link\" href=\"http:\/\/letempledartemis.com\/index.php\/services\/mookite-adeuxailesdefees-du-temple-dartemis\/\" rel=\"#\">Mookite<\/a><\/div>\n<\/div>\n\n\n\n<div class=\"wp-block-image\"><figure class=\"aligncenter size-large is-resized\"><img loading=\"lazy\" decoding=\"async\" src=\"http:\/\/letempledartemis.com\/wp-content\/uploads\/2021\/07\/femelleprunebis.jpg\" alt=\"\" class=\"wp-image-859\" width=\"112\" height=\"156\"\/><\/figure><\/div>\n<\/div><\/div>\n\n\n\n<div class=\"wp-block-buttons alignwide is-content-justification-right is-layout-flex wp-block-buttons-is-layout-flex\">\n<div class=\"wp-block-button\"><a class=\"wp-block-button__link\" href=\"http:\/\/letempledartemis.com\/index.php\/portee-r-ohmykkini\/\"><strong><em><span class=\"has-inline-color has-white-color\">Ses b\u00e9b\u00e9s en R-Ohmy&rsquo;Kkini<\/span><\/em><\/strong><\/a><\/div>\n\n\n\n<div class=\"wp-block-button\"><a class=\"wp-block-button__link\" href=\"http:\/\/letempledartemis.com\/index.php\/1037-2\/\">Ses b\u00e9b\u00e9s en s-moopity love<\/a><\/div>\n<\/div>\n<\/div><\/div>\n\n\n\n<div class=\"wp-block-group has-white-background-color has-background\"><div class=\"wp-block-group__inner-container is-layout-flow wp-block-group-is-layout-flow\">\n<div class=\"wp-block-media-text is-stacked-on-mobile\"><figure class=\"wp-block-media-text__media\"><a href=\"http:\/\/letempledartemis.com\/index.php\/services\/pumpkin-diamond-lumiere-dore-du-temple-dartemis\/\"><img loading=\"lazy\" decoding=\"async\" width=\"1024\" height=\"683\" src=\"http:\/\/letempledartemis.com\/wp-content\/uploads\/2021\/07\/IMG_1526-1024x683.jpg\" alt=\"\" class=\"wp-image-607 size-full\" srcset=\"http:\/\/letempledartemis.com\/wp-content\/uploads\/2021\/07\/IMG_1526-1024x683.jpg 1024w, http:\/\/letempledartemis.com\/wp-content\/uploads\/2021\/07\/IMG_1526-300x200.jpg 300w, http:\/\/letempledartemis.com\/wp-content\/uploads\/2021\/07\/IMG_1526-768x512.jpg 768w, http:\/\/letempledartemis.com\/wp-content\/uploads\/2021\/07\/IMG_1526-1536x1024.jpg 1536w, http:\/\/letempledartemis.com\/wp-content\/uploads\/2021\/07\/IMG_1526.jpg 1920w\" sizes=\"auto, (max-width: 1024px) 100vw, 1024px\" \/><\/a><\/figure><div class=\"wp-block-media-text__content\">\n<p style=\"font-size:28px\">  Pumpkin Diamond Lumiere Dore du Temple d&rsquo;Art\u00e9mis<\/p>\n\n\n\n<div class=\"wp-block-buttons is-content-justification-left is-layout-flex wp-block-buttons-is-layout-flex\">\n<div class=\"wp-block-button\"><a class=\"wp-block-button__link\" href=\"http:\/\/letempledartemis.com\/index.php\/services\/pumpkin-diamond-lumiere-dore-du-temple-dartemis\/\" rel=\"#\">Pumpkin <\/a><\/div>\n<\/div>\n\n\n\n<div class=\"wp-block-image\"><figure class=\"aligncenter size-large\"><img loading=\"lazy\" decoding=\"async\" width=\"163\" height=\"166\" src=\"http:\/\/letempledartemis.com\/wp-content\/uploads\/2021\/07\/male.jpg\" alt=\"\" class=\"wp-image-861\"\/><\/figure><\/div>\n\n\n\n<p><\/p>\n<\/div><\/div>\n<\/div><\/div>\n\n\n\n<div class=\"wp-block-group alignfull has-white-background-color has-background\"><div class=\"wp-block-group__inner-container is-layout-flow wp-block-group-is-layout-flow\">\n<div class=\"wp-block-media-text has-media-on-the-right is-stacked-on-mobile\" style=\"grid-template-columns:auto 55%\"><figure class=\"wp-block-media-text__media\"><a href=\"http:\/\/letempledartemis.com\/index.php\/769-2\/\"><img loading=\"lazy\" decoding=\"async\" width=\"1024\" height=\"683\" src=\"http:\/\/letempledartemis.com\/wp-content\/uploads\/2021\/07\/IMG_1383-1024x683.jpg\" alt=\"\" class=\"wp-image-766 size-full\" srcset=\"http:\/\/letempledartemis.com\/wp-content\/uploads\/2021\/07\/IMG_1383-1024x683.jpg 1024w, http:\/\/letempledartemis.com\/wp-content\/uploads\/2021\/07\/IMG_1383-300x200.jpg 300w, http:\/\/letempledartemis.com\/wp-content\/uploads\/2021\/07\/IMG_1383-768x512.jpg 768w, http:\/\/letempledartemis.com\/wp-content\/uploads\/2021\/07\/IMG_1383-1536x1024.jpg 1536w, http:\/\/letempledartemis.com\/wp-content\/uploads\/2021\/07\/IMG_1383.jpg 1920w\" sizes=\"auto, (max-width: 1024px) 100vw, 1024px\" \/><\/a><\/figure><div class=\"wp-block-media-text__content\">\n<h2 class=\"wp-block-heading\"><\/h2>\n\n\n\n<p class=\"has-text-align-right\">Lionsace Country Temple     <\/p>\n\n\n\n<div class=\"wp-block-buttons is-content-justification-right is-layout-flex wp-block-buttons-is-layout-flex\">\n<div class=\"wp-block-button\"><a class=\"wp-block-button__link\" href=\"http:\/\/letempledartemis.com\/index.php\/769-2\/\" rel=\"#\">Ringwoodie<\/a><\/div>\n<\/div>\n\n\n\n<div class=\"wp-block-image\"><figure class=\"aligncenter size-large\"><img loading=\"lazy\" decoding=\"async\" width=\"156\" height=\"217\" src=\"http:\/\/letempledartemis.com\/wp-content\/uploads\/2021\/07\/femelleprunebis.jpg\" alt=\"\" class=\"wp-image-859\"\/><\/figure><\/div>\n<\/div><\/div>\n<\/div><\/div>\n\n\n\n<div class=\"wp-block-columns is-layout-flex wp-container-core-columns-is-layout-9d6595d7 wp-block-columns-is-layout-flex\">\n<div class=\"wp-block-column is-layout-flow wp-block-column-is-layout-flow\">\n<div class=\"wp-block-image\"><figure class=\"aligncenter size-large is-resized\"><a href=\"http:\/\/letempledartemis.com\/index.php\/services\/jomonko-spicy-honey-du-temple-dartemis\/\"><img loading=\"lazy\" decoding=\"async\" src=\"http:\/\/letempledartemis.com\/wp-content\/uploads\/2021\/07\/Jomon-id-1-683x1024.jpg\" alt=\"\" class=\"wp-image-834\" width=\"476\" height=\"713\" srcset=\"http:\/\/letempledartemis.com\/wp-content\/uploads\/2021\/07\/Jomon-id-1-683x1024.jpg 683w, http:\/\/letempledartemis.com\/wp-content\/uploads\/2021\/07\/Jomon-id-1-200x300.jpg 200w, http:\/\/letempledartemis.com\/wp-content\/uploads\/2021\/07\/Jomon-id-1-768x1152.jpg 768w, http:\/\/letempledartemis.com\/wp-content\/uploads\/2021\/07\/Jomon-id-1-1024x1536.jpg 1024w, http:\/\/letempledartemis.com\/wp-content\/uploads\/2021\/07\/Jomon-id-1.jpg 1280w\" sizes=\"auto, (max-width: 476px) 100vw, 476px\" \/><\/a><\/figure><\/div>\n<\/div>\n\n\n\n<div class=\"wp-block-column is-layout-flow wp-block-column-is-layout-flow\">\n<p><\/p>\n\n\n\n<p><\/p>\n\n\n\n<p class=\"has-medium-font-size\">Jomon Ko Spicy Honey du Temple d&rsquo;Art\u00e9mis<\/p>\n\n\n\n<p><\/p>\n\n\n\n<div class=\"wp-block-buttons is-layout-flex wp-block-buttons-is-layout-flex\">\n<div class=\"wp-block-button\"><a class=\"wp-block-button__link\" href=\"http:\/\/letempledartemis.com\/index.php\/services\/jomonko-spicy-honey-du-temple-dartemis\/\"><strong>Jomon&rsquo;Ko<\/strong><\/a><\/div>\n<\/div>\n\n\n\n<div class=\"wp-block-image\"><figure class=\"aligncenter size-large\"><img loading=\"lazy\" decoding=\"async\" width=\"156\" height=\"217\" src=\"http:\/\/letempledartemis.com\/wp-content\/uploads\/2021\/07\/femelleprunebis.jpg\" alt=\"\" class=\"wp-image-859\"\/><\/figure><\/div>\n<\/div>\n<\/div>\n\n\n\n<div class=\"wp-block-columns is-layout-flex wp-container-core-columns-is-layout-9d6595d7 wp-block-columns-is-layout-flex\">\n<div class=\"wp-block-column is-layout-flow wp-block-column-is-layout-flow\">\n<p class=\"has-text-align-right has-medium-font-size\">Jolliffeite Vingt Ans&rsquo;Za du Temple d&rsquo;Art\u00e9mis<\/p>\n\n\n\n<div class=\"wp-block-buttons is-content-justification-right is-layout-flex wp-block-buttons-is-layout-flex\">\n<div class=\"wp-block-button\"><a class=\"wp-block-button__link\" href=\"http:\/\/letempledartemis.com\/index.php\/jolliffeite-vingt-ansza-du-temple-dartemis\/\">Jolliffeite<\/a><\/div>\n<\/div>\n\n\n\n<div class=\"wp-block-image\"><figure class=\"aligncenter size-large\"><img loading=\"lazy\" decoding=\"async\" width=\"156\" height=\"217\" src=\"http:\/\/letempledartemis.com\/wp-content\/uploads\/2021\/07\/femelleprunebis.jpg\" alt=\"\" class=\"wp-image-859\"\/><\/figure><\/div>\n<\/div>\n\n\n\n<div class=\"wp-block-column is-layout-flow wp-block-column-is-layout-flow\">\n<div class=\"wp-block-image\"><figure class=\"aligncenter size-large\"><img loading=\"lazy\" decoding=\"async\" width=\"1024\" height=\"683\" src=\"http:\/\/letempledartemis.com\/wp-content\/uploads\/2021\/07\/jolli-id-1024x683.jpg\" alt=\"\" class=\"wp-image-865\" srcset=\"http:\/\/letempledartemis.com\/wp-content\/uploads\/2021\/07\/jolli-id-1024x683.jpg 1024w, http:\/\/letempledartemis.com\/wp-content\/uploads\/2021\/07\/jolli-id-300x200.jpg 300w, http:\/\/letempledartemis.com\/wp-content\/uploads\/2021\/07\/jolli-id-768x512.jpg 768w, http:\/\/letempledartemis.com\/wp-content\/uploads\/2021\/07\/jolli-id-1536x1024.jpg 1536w, http:\/\/letempledartemis.com\/wp-content\/uploads\/2021\/07\/jolli-id.jpg 1920w\" sizes=\"auto, (max-width: 1024px) 100vw, 1024px\" \/><\/figure><\/div>\n<\/div>\n<\/div>\n","protected":false},"excerpt":{"rendered":"<p>Mookite Adeuxailesdeffees du Temple d&rsquo;Artemis Pumpkin Diamond Lumiere Dore du Temple d&rsquo;Art\u00e9mis Lionsace Country Temple Jomon Ko Spicy Honey du Temple d&rsquo;Art\u00e9mis Jolliffeite Vingt Ans&rsquo;Za du Temple d&rsquo;Art\u00e9mis<\/p>\n","protected":false},"author":1,"featured_media":0,"parent":0,"menu_order":0,"comment_status":"closed","ping_status":"closed","template":"","meta":{"om_disable_all_campaigns":false,"_monsterinsights_skip_tracking":false,"_monsterinsights_sitenote_active":false,"_monsterinsights_sitenote_note":"","_monsterinsights_sitenote_category":0,"spay_email":"","footnotes":""},"class_list":["post-219","page","type-page","status-publish","hentry"],"_links":{"self":[{"href":"http:\/\/letempledartemis.com\/index.php\/wp-json\/wp\/v2\/pages\/219","targetHints":{"allow":["GET"]}}],"collection":[{"href":"http:\/\/letempledartemis.com\/index.php\/wp-json\/wp\/v2\/pages"}],"about":[{"href":"http:\/\/letempledartemis.com\/index.php\/wp-json\/wp\/v2\/types\/page"}],"author":[{"embeddable":true,"href":"http:\/\/letempledartemis.com\/index.php\/wp-json\/wp\/v2\/users\/1"}],"replies":[{"embeddable":true,"href":"http:\/\/letempledartemis.com\/index.php\/wp-json\/wp\/v2\/comments?post=219"}],"version-history":[{"count":35,"href":"http:\/\/letempledartemis.com\/index.php\/wp-json\/wp\/v2\/pages\/219\/revisions"}],"predecessor-version":[{"id":1224,"href":"http:\/\/letempledartemis.com\/index.php\/wp-json\/wp\/v2\/pages\/219\/revisions\/1224"}],"wp:attachment":[{"href":"http:\/\/letempledartemis.com\/index.php\/wp-json\/wp\/v2\/media?parent=219"}],"curies":[{"name":"wp","href":"https:\/\/api.w.org\/{rel}","templated":true}]}}