{"id":218,"date":"2020-05-12T03:43:04","date_gmt":"2020-05-12T03:43:04","guid":{"rendered":"http:\/\/letempledartemis.com\/index.php\/about\/"},"modified":"2021-07-11T15:14:21","modified_gmt":"2021-07-11T15:14:21","slug":"about","status":"publish","type":"page","link":"http:\/\/letempledartemis.com\/index.php\/about\/","title":{"rendered":"L&rsquo;elevage"},"content":{"rendered":"\n<div class=\"wp-block-cover alignfull has-background-dim-20 has-white-background-color has-background-dim has-parallax\" style=\"background-image:url(http:\/\/letempledartemis.com\/wp-content\/uploads\/2021\/07\/lelevage.jpg);min-height:701px;aspect-ratio:unset;\"><div class=\"wp-block-cover__inner-container is-layout-flow wp-block-cover-is-layout-flow\">\n<p><\/p>\n\n\n\n<h1 class=\"alignfull has-text-align-center has-black-color has-text-color wp-block-heading\" style=\"font-size:63px\">L&rsquo;elevage<\/h1>\n<\/div><\/div>\n\n\n\n<div class=\"wp-block-group alignfull\"><div class=\"wp-block-group__inner-container is-layout-flow wp-block-group-is-layout-flow\">\n<div class=\"wp-block-columns is-layout-flex wp-container-core-columns-is-layout-9d6595d7 wp-block-columns-is-layout-flex\">\n<div class=\"wp-block-column is-layout-flow wp-block-column-is-layout-flow\">\n<p class=\"has-text-align-center\"><em><strong>Pr\u00e9sentation de notre \u00e9levage et de notre passion :&nbsp;Le L\u00e9onberg<\/strong><\/em><em><br>.<\/em><\/p>\n\n\n\n<div class=\"wp-block-image\"><figure class=\"aligncenter is-resized\"><img loading=\"lazy\" decoding=\"async\" src=\"http:\/\/letempledartemis.fr\/resources\/ligne+venir+chez+nous.jpg\" alt=\"\" width=\"1009\" height=\"220\"\/><\/figure><\/div>\n\n\n\n<p class=\"has-text-align-center\" style=\"font-size:26px\"><em>&nbsp;<strong>Le Temple d&rsquo;Art\u00e9mis<\/strong><br>Lydie,&nbsp;Pauline et&nbsp;St\u00e9phane&nbsp;Marteyn&nbsp;la Menotte 71110 Saint Didier en Brionnais.<\/em><\/p>\n\n\n\n<p class=\"has-text-align-center\"><em>*N\u00b0 d&rsquo;affixe : 58 822 &nbsp; &nbsp;&nbsp;&nbsp; <\/em><\/p>\n\n\n\n<p class=\"has-text-align-center\"><em>&nbsp; &nbsp; N\u00b0 de producteur : 713821<\/em><\/p>\n\n\n\n<p class=\"has-text-align-center\"><em>N\u00b0 de certificat de capacit\u00e9 de Lydie Marteyn : 7187<\/em><\/p>\n\n\n\n<p class=\"has-text-align-center\"><em>&nbsp;de Pauline Marteyn : 710157&nbsp; <\/em><\/p>\n\n\n\n<p class=\"has-text-align-center\"><em>Num\u00e9ro de Siret : 513 628 446 00025 (Pauline Marteyn)<br><\/em><img decoding=\"async\" src=\"http:\/\/letempledartemis.fr\/resources\/Paysage+Temple+d$27Art$C3$A9mis.jpg\"><br><em>Ma potion magique :&nbsp;<strong>le L\u00e9onberg<\/strong>&#8230;&#8230;<\/em><\/p>\n\n\n\n<p class=\"has-text-align-center\"><em>Ma rencontre avec le L\u00e9o<\/em>&nbsp;je m&rsquo;en souviens comme si c&rsquo;\u00e9tait hier. <em>En Juillet 1988 , nous \u00e9tions en plein d\u00e9m\u00e9nagement vers la r\u00e9gion Lyonnaise &#8230;..sur une aire d&rsquo;autoroute mes yeux ont crois\u00e9 ceux d&rsquo;un jeune chien roux , il descendait en sautant&nbsp;<\/em>( c&rsquo;est pas bien \u00e7a ! )&nbsp;du coffre de sa voiture gar\u00e9e pas tr\u00e8s loin de la notre&#8230;&#8230;qu&rsquo;il \u00e9tait chou !Sa grande langue bien rose pendouillait sur le c\u00f4t\u00e9 de sa babine , il avait un joli petit chapeau de poil sur le haut de son cr\u00e2ne tr\u00e8s l\u00e9g\u00e8rement frisouill\u00e9 sur le dessus de ses oreilles, son allure d\u00e9gingand\u00e9 de jeune chien fou et son air le plus joyeux du monde m&rsquo;ont fait le plus beau des clins d&rsquo;\u0153il et du charme \u00e0 tout va&#8230;.<\/p>\n\n\n\n<p class=\"has-text-align-center\">Et bien voil\u00e0 , c&rsquo;\u00e9tait pour moi le coup de foudre , je l&rsquo;ai m\u00eame suivi sur le petit chemin qu&rsquo;il empruntait avec ses ma\u00eetres&#8230;.J&rsquo;avais besoin d&rsquo;en savoir un peu plus sur celui qui venait de faire chavirer mon c\u0153ur !<em> <\/em><\/p>\n\n\n\n<p class=\"has-text-align-center\"><em>A ce&nbsp;moment l\u00e0 , j&rsquo;\u00e9tais persuad\u00e9e que j&rsquo;en aurai un comme \u00e7a, un jour,&nbsp;<\/em>dans ma maison, dans mes bras&nbsp;( \u00e0 ce jour , des ados d\u00e9gingand\u00e9s, j&rsquo;en ai eu plusieurs ;-)&#8230;..6 ans plus tard , nous avons compl\u00e8tement craqu\u00e9 pour Jewel de la Citadelle d&rsquo;Hermance, notre premi\u00e8re L\u00e9onberg, elle est entr\u00e9e dans notre famille et elle a combl\u00e9 chaque instant de notre vie \u00e0 ses c\u00f4t\u00e9s, d&rsquo;un grand bonheur&#8230;&#8230;<\/p>\n\n\n\n<p class=\"has-text-align-center\">En 1997 , notre affixe du&nbsp;Temple d&rsquo;Art\u00e9mis&nbsp;et nos premiers b\u00e9b\u00e9s voyaient le jour, 8 petits anges dont Nutak et Norton&#8230;&#8230;&#8230; 24 ann\u00e9es ont pass\u00e9&#8230;&#8230;et maintenant&#8230;&#8230;Imagine&#8230;..5 L\u00e9os \u00e0 la maison &#8230;.<br>&nbsp;&nbsp;&nbsp;&nbsp;&nbsp;&nbsp;Sommes nous un petit \u00e9levage ?&#8230;.Je crois bien que oui !<\/p>\n\n\n\n<p class=\"has-text-align-center\">&nbsp;&nbsp;&nbsp;&nbsp;&nbsp;&nbsp;&nbsp;&nbsp;&nbsp;&nbsp;&nbsp;&nbsp;&nbsp;&nbsp;&nbsp;<\/p>\n\n\n\n<p class=\"has-text-align-center\"><strong>Et o\u00f9 et comment vivent-ils ces gros nounours ?<\/strong><br>Si vous prenez en compte le fait :<br>-Qu&rsquo;en hiver, notre jardin ressemble plus \u00e0 un champ de mines.<br>-Qu&rsquo;au printemps , les petites fleurs n&rsquo;ont pas trop le temps de s&rsquo;\u00e9panouir si elle n&rsquo;ont pas pris suffisamment de \u00ab\u00a0hauteur\u00a0\u00bb.<br>-Que les sols, les vitres et les murs de la maison se couvrent r\u00e9guli\u00e8rement d&rsquo;une poudre naturelle de couleur \u00ab\u00a0terre brionnaise\u00a0\u00bb.<br>-Que nos repas sont assez souvent assaisonn\u00e9s par quelques longs et jolis poils de couleur fauve charbonn\u00e9e.<br>-Que la machine \u00e0 laver le linge toussote, crachote et s&rsquo;essouffle \u00e0 trop frotter la trace des grosses pattounes laiss\u00e9e sur les couvertures des nounours.<br>-Que notre sommeil est quelquefois entrecoup\u00e9s par le bruit fracassant des pattes lanc\u00e9es sur la porte pour une envie pressante.<br>-Qu&rsquo;un regard doux et r\u00e9confortant croise toujours les n\u00f4tres.<br>-Que nous n&rsquo;avons pas \u00e0 tendre la main pour chercher une grosse truffe noire \u00e0 bisouiller car g\u00e9n\u00e9ralement, et pour notre plus grand plaisir, il y en a toujours deux ou plus autour de nous&#8230;<br>-Que nous pratiquons quotidiennement \u00a0\u00bb l&rsquo;enjamb\u00e9e \u00a0\u00bb de L\u00e9os car nos amis les plus fid\u00e8les dorment fr\u00e9quemment , devant le r\u00e9frig\u00e9rateur, en bas des escaliers, au passage des portes , derri\u00e8re celle de ma chambre, devant celle d&rsquo;entr\u00e9e ou sortie, au pied du lit de Pauline, coinc\u00e9s sous la table entre 2 chaises, le museau dans la trappe de sortie des chats&#8230;..mais aussi, dans des coussins douillets, sur des duvets , matelas \u00e0 m\u00e9moire de forme&#8230;.et pour certains, sur le canap\u00e9 !<br>.&nbsp;.Apr\u00e8s \u00e7a, je peux vous r\u00e9pondre assur\u00e9ment, que nos L\u00e9onbergs vivent \u00e0 l&rsquo;int\u00e9rieur comme \u00e0 l&rsquo;ext\u00e9rieur de notre niche&#8230;.euh !maison !&#8230;.tous nos petits vieux, comme nos petits jeunes virevoltent dans la joie et la bonne humeur et toujours \u00e0 nos c\u00f4t\u00e9s !&#8230;..<\/p>\n\n\n\n<div class=\"wp-block-image\"><figure class=\"alignright\"><a href=\"mailto:info@letempledartemis.fr\"><img decoding=\"async\" src=\"http:\/\/letempledartemis.fr\/resources\/_wsb_166x92_lydie+signe.jpg\" alt=\"\"\/><\/a><\/figure><\/div>\n\n\n\n<div class=\"wp-block-image\"><figure class=\"aligncenter size-large is-resized\"><img loading=\"lazy\" decoding=\"async\" src=\"http:\/\/letempledartemis.com\/wp-content\/uploads\/2021\/07\/1606407709326-965x1024.png\" alt=\"\" class=\"wp-image-625\" width=\"415\" height=\"409\"\/><\/figure><\/div>\n\n\n\n<p><\/p>\n\n\n\n<p class=\"has-text-align-center\">Les b\u00e9b\u00e9s naissent dans notre chambre.&nbsp;Elle se transforme en nurserie le temps qu&rsquo;il faut pour que les petits prennent leur envol.<\/p>\n\n\n\n<div class=\"wp-block-image\"><figure class=\"aligncenter\"><img decoding=\"async\" src=\"http:\/\/letempledartemis.fr\/resources\/nurserie2.jpg\" alt=\"\"\/><\/figure><\/div>\n\n\n\n<div class=\"wp-block-image\"><figure class=\"aligncenter\"><img decoding=\"async\" src=\"http:\/\/letempledartemis.fr\/resources\/bb1.jpg\" alt=\"\"\/><\/figure><\/div>\n\n\n\n<div class=\"wp-block-image\"><figure class=\"aligncenter\"><img decoding=\"async\" src=\"http:\/\/letempledartemis.fr\/resources\/bb2.jpg\" alt=\"\"\/><\/figure><\/div>\n\n\n\n<div class=\"wp-block-image\"><figure class=\"aligncenter\"><img decoding=\"async\" src=\"http:\/\/letempledartemis.fr\/resources\/bb3.jpg\" alt=\"\"\/><\/figure><\/div>\n\n\n\n<div class=\"wp-block-image\"><figure class=\"aligncenter\"><img decoding=\"async\" src=\"http:\/\/letempledartemis.fr\/resources\/bb4.jpg\" alt=\"\"\/><\/figure><\/div>\n\n\n\n<p><\/p>\n<\/div>\n<\/div>\n<\/div><\/div>\n","protected":false},"excerpt":{"rendered":"<p>Pr\u00e9sentation de notre \u00e9levage et de notre passion :&nbsp;Le L\u00e9onberg. &nbsp;Le Temple d&rsquo;Art\u00e9misLydie,&nbsp;Pauline et&nbsp;St\u00e9phane&nbsp;Marteyn&nbsp;la Menotte 71110 Saint Didier en Brionnais. *N\u00b0 d&rsquo;affixe : 58 822 &nbsp; &nbsp;&nbsp;&nbsp; &nbsp; &nbsp; N\u00b0 de producteur : 713821 N\u00b0 de certificat de capacit\u00e9 de Lydie Marteyn : 7187 &nbsp;de Pauline Marteyn : 710157&nbsp; Num\u00e9ro de Siret : 513 628 &hellip;<\/p>\n<p class=\"read-more\"> <a class=\"\" href=\"http:\/\/letempledartemis.com\/index.php\/about\/\"> <span class=\"screen-reader-text\">L&rsquo;elevage<\/span> Lire la suite\u00a0\u00bb<\/a><\/p>\n","protected":false},"author":1,"featured_media":0,"parent":0,"menu_order":0,"comment_status":"closed","ping_status":"closed","template":"","meta":{"om_disable_all_campaigns":false,"_monsterinsights_skip_tracking":false,"_monsterinsights_sitenote_active":false,"_monsterinsights_sitenote_note":"","_monsterinsights_sitenote_category":0,"spay_email":"","footnotes":""},"class_list":["post-218","page","type-page","status-publish","hentry"],"_links":{"self":[{"href":"http:\/\/letempledartemis.com\/index.php\/wp-json\/wp\/v2\/pages\/218","targetHints":{"allow":["GET"]}}],"collection":[{"href":"http:\/\/letempledartemis.com\/index.php\/wp-json\/wp\/v2\/pages"}],"about":[{"href":"http:\/\/letempledartemis.com\/index.php\/wp-json\/wp\/v2\/types\/page"}],"author":[{"embeddable":true,"href":"http:\/\/letempledartemis.com\/index.php\/wp-json\/wp\/v2\/users\/1"}],"replies":[{"embeddable":true,"href":"http:\/\/letempledartemis.com\/index.php\/wp-json\/wp\/v2\/comments?post=218"}],"version-history":[{"count":10,"href":"http:\/\/letempledartemis.com\/index.php\/wp-json\/wp\/v2\/pages\/218\/revisions"}],"predecessor-version":[{"id":789,"href":"http:\/\/letempledartemis.com\/index.php\/wp-json\/wp\/v2\/pages\/218\/revisions\/789"}],"wp:attachment":[{"href":"http:\/\/letempledartemis.com\/index.php\/wp-json\/wp\/v2\/media?parent=218"}],"curies":[{"name":"wp","href":"https:\/\/api.w.org\/{rel}","templated":true}]}}