{"id":217,"date":"2020-05-12T03:43:03","date_gmt":"2020-05-12T03:43:03","guid":{"rendered":"http:\/\/letempledartemis.com\/index.php\/home\/"},"modified":"2022-07-24T16:58:01","modified_gmt":"2022-07-24T16:58:01","slug":"home","status":"publish","type":"page","link":"http:\/\/letempledartemis.com\/","title":{"rendered":"Accueil"},"content":{"rendered":"\n<div class=\"wp-block-cover alignfull\" style=\"min-height:749px;aspect-ratio:unset;\"><span aria-hidden=\"true\" class=\"wp-block-cover__background has-black-background-color has-background-dim-10 has-background-dim\"><\/span><img loading=\"lazy\" decoding=\"async\" width=\"1984\" height=\"1488\" class=\"wp-block-cover__image-background wp-image-580\" alt=\"\" src=\"http:\/\/letempledartemis.com\/wp-content\/uploads\/2021\/07\/209618428_840150203366924_4772611251098779777_n.jpg\" data-object-fit=\"cover\" srcset=\"http:\/\/letempledartemis.com\/wp-content\/uploads\/2021\/07\/209618428_840150203366924_4772611251098779777_n.jpg 1984w, http:\/\/letempledartemis.com\/wp-content\/uploads\/2021\/07\/209618428_840150203366924_4772611251098779777_n-300x225.jpg 300w, http:\/\/letempledartemis.com\/wp-content\/uploads\/2021\/07\/209618428_840150203366924_4772611251098779777_n-1024x768.jpg 1024w, http:\/\/letempledartemis.com\/wp-content\/uploads\/2021\/07\/209618428_840150203366924_4772611251098779777_n-768x576.jpg 768w, http:\/\/letempledartemis.com\/wp-content\/uploads\/2021\/07\/209618428_840150203366924_4772611251098779777_n-1536x1152.jpg 1536w\" sizes=\"auto, (max-width: 1984px) 100vw, 1984px\" \/><div class=\"wp-block-cover__inner-container is-layout-flow wp-block-cover-is-layout-flow\">\n<p><\/p>\n\n\n\n<p><\/p>\n\n\n\n<p class=\"has-text-align-center\"><\/p>\n\n\n\n<p class=\"has-black-color has-text-color\">                          .<\/p>\n\n\n\n<p class=\"has-text-align-center\" style=\"font-size:82px\">Le Temple d&rsquo;Art\u00e9mis<\/p>\n\n\n\n<p class=\"has-text-align-center\" style=\"font-size:30px\">Leonbergs et Welsh Corgi Pembroke<\/p>\n<\/div><\/div>\n\n\n\n<p><\/p>\n\n\n\n<p class=\"has-text-align-center\" style=\"font-size:30px\"><em>Par notre envie de communiquer et de partager notre attachement pour ce remarquable et puissant chien de compagnie , nous vous ouvrons ce site du Temple d&rsquo;Art\u00e9mis et nous l&rsquo;offrons en t\u00e9moignage de gratitude , \u00e0 nos L\u00e9onbergs pr\u00e9sents et \u00e0 ceux qui nous ont accompagn\u00e9 le temps d&rsquo;une route plus ou moins longue .<\/em><\/p>\n\n\n<div class=\"wp-block-image\">\n<figure class=\"aligncenter size-large is-resized\"><img loading=\"lazy\" decoding=\"async\" src=\"http:\/\/letempledartemis.com\/wp-content\/uploads\/2021\/07\/panneau2Bconstruction.jpg\" alt=\"\" class=\"wp-image-716\" width=\"495\" height=\"335\"\/><figcaption><br><strong>Le site est en construction ! merci de revenir de temps en temps pour voir l&rsquo;avanc\u00e9e \ud83d\ude42<\/strong><br><br><\/figcaption><\/figure>\n<\/div>\n\n\n<p class=\"has-text-align-center has-luminous-vivid-orange-color has-text-color has-large-font-size\"><\/p>\n\n\n\n<p class=\"has-text-align-center\"><\/p>\n\n\n\n<p><\/p>\n\n\n\n<p class=\"has-text-align-center\">&#8212;&#8212;&#8212;&#8212;&#8212;&#8212;&#8212;&#8212;&#8212;&#8212;&#8212;&#8212;&#8212;&#8212;&#8212;&#8212;&#8212;&#8212;&#8212;&#8212;-<\/p>\n\n\n<div class=\"wp-block-image\">\n<figure class=\"aligncenter size-large\"><a href=\"http:\/\/letempledartemis.com\/index.php\/1037-2\/\"><img loading=\"lazy\" decoding=\"async\" width=\"1024\" height=\"683\" src=\"http:\/\/letempledartemis.com\/wp-content\/uploads\/2021\/10\/IMG_2534-1024x683.jpg\" alt=\"\" class=\"wp-image-1038\" srcset=\"http:\/\/letempledartemis.com\/wp-content\/uploads\/2021\/10\/IMG_2534-1024x683.jpg 1024w, http:\/\/letempledartemis.com\/wp-content\/uploads\/2021\/10\/IMG_2534-300x200.jpg 300w, http:\/\/letempledartemis.com\/wp-content\/uploads\/2021\/10\/IMG_2534-768x512.jpg 768w, http:\/\/letempledartemis.com\/wp-content\/uploads\/2021\/10\/IMG_2534-1536x1024.jpg 1536w, http:\/\/letempledartemis.com\/wp-content\/uploads\/2021\/10\/IMG_2534.jpg 1920w\" sizes=\"auto, (max-width: 1024px) 100vw, 1024px\" \/><\/a><\/figure>\n<\/div>\n\n\n<div class=\"wp-block-group alignfull has-white-background-color has-background\"><div class=\"wp-block-group__inner-container is-layout-flow wp-block-group-is-layout-flow\">\n<div class=\"wp-block-columns are-vertically-aligned-center is-layout-flex wp-container-core-columns-is-layout-9d6595d7 wp-block-columns-is-layout-flex\">\n<div class=\"wp-block-column is-vertically-aligned-center is-layout-flow wp-block-column-is-layout-flow\">\n<div class=\"wp-block-cover is-light\"><span aria-hidden=\"true\" class=\"wp-block-cover__background has-cyan-bluish-gray-background-color has-background-dim-20 has-background-dim\"><\/span><img loading=\"lazy\" decoding=\"async\" width=\"1920\" height=\"1280\" class=\"wp-block-cover__image-background wp-image-606\" alt=\"\" src=\"http:\/\/letempledartemis.com\/wp-content\/uploads\/2021\/07\/IMG_1125.jpg\" data-object-fit=\"cover\" srcset=\"http:\/\/letempledartemis.com\/wp-content\/uploads\/2021\/07\/IMG_1125.jpg 1920w, http:\/\/letempledartemis.com\/wp-content\/uploads\/2021\/07\/IMG_1125-300x200.jpg 300w, http:\/\/letempledartemis.com\/wp-content\/uploads\/2021\/07\/IMG_1125-1024x683.jpg 1024w, http:\/\/letempledartemis.com\/wp-content\/uploads\/2021\/07\/IMG_1125-768x512.jpg 768w, http:\/\/letempledartemis.com\/wp-content\/uploads\/2021\/07\/IMG_1125-1536x1024.jpg 1536w\" sizes=\"auto, (max-width: 1920px) 100vw, 1920px\" \/><div class=\"wp-block-cover__inner-container is-layout-flow wp-block-cover-is-layout-flow\">\n<h1 class=\"has-text-align-center has-white-color has-text-color wp-block-heading\" style=\"font-size:23px\">   <\/h1>\n\n\n\n<p class=\"has-text-align-right has-white-color has-text-color\" style=\"font-size:31px\"><strong><a href=\"http:\/\/letempledartemis.com\/index.php\/services\/mookite-adeuxailesdefees-du-temple-dartemis\/\" title=\"http:\/\/letempledartemis.com\/index.php\/services\/mookite-adeuxailesdefees-du-temple-dartemis\/\">Mookite<\/a><\/strong> <\/p>\n<\/div><\/div>\n\n\n\n<div class=\"wp-block-cover is-light\"><span aria-hidden=\"true\" class=\"wp-block-cover__background has-cyan-bluish-gray-background-color has-background-dim-20 has-background-dim\"><\/span><img loading=\"lazy\" decoding=\"async\" width=\"1280\" height=\"1920\" class=\"wp-block-cover__image-background wp-image-823\" alt=\"\" src=\"http:\/\/letempledartemis.com\/wp-content\/uploads\/2021\/07\/Jomon-id.jpg\" style=\"object-position:42% 39%\" data-object-fit=\"cover\" data-object-position=\"42% 39%\" srcset=\"http:\/\/letempledartemis.com\/wp-content\/uploads\/2021\/07\/Jomon-id.jpg 1280w, http:\/\/letempledartemis.com\/wp-content\/uploads\/2021\/07\/Jomon-id-200x300.jpg 200w, http:\/\/letempledartemis.com\/wp-content\/uploads\/2021\/07\/Jomon-id-683x1024.jpg 683w, http:\/\/letempledartemis.com\/wp-content\/uploads\/2021\/07\/Jomon-id-768x1152.jpg 768w, http:\/\/letempledartemis.com\/wp-content\/uploads\/2021\/07\/Jomon-id-1024x1536.jpg 1024w\" sizes=\"auto, (max-width: 1280px) 100vw, 1280px\" \/><div class=\"wp-block-cover__inner-container is-layout-flow wp-block-cover-is-layout-flow\">\n<h1 class=\"has-text-align-center has-white-color has-text-color wp-block-heading\" style=\"font-size:23px\">      <\/h1>\n\n\n\n<p class=\"has-text-align-center has-white-color has-text-color\" style=\"font-size:31px\"><strong><a href=\"http:\/\/letempledartemis.com\/index.php\/services\/jomonko-spicy-honey-du-temple-dartemis\/\" title=\"Nos chiens\">Jomon&rsquo;Ko<\/a><\/strong><\/p>\n<\/div><\/div>\n<\/div>\n\n\n\n<div class=\"wp-block-column is-vertically-aligned-center is-layout-flow wp-block-column-is-layout-flow\">\n<div class=\"wp-block-cover is-light\"><span aria-hidden=\"true\" class=\"wp-block-cover__background has-cyan-bluish-gray-background-color has-background-dim-20 has-background-dim\"><\/span><img loading=\"lazy\" decoding=\"async\" width=\"1920\" height=\"1280\" class=\"wp-block-cover__image-background wp-image-771\" alt=\"\" src=\"http:\/\/letempledartemis.com\/wp-content\/uploads\/2021\/07\/IMG_1640.jpg\" style=\"object-position:47% 68%\" data-object-fit=\"cover\" data-object-position=\"47% 68%\" srcset=\"http:\/\/letempledartemis.com\/wp-content\/uploads\/2021\/07\/IMG_1640.jpg 1920w, http:\/\/letempledartemis.com\/wp-content\/uploads\/2021\/07\/IMG_1640-300x200.jpg 300w, http:\/\/letempledartemis.com\/wp-content\/uploads\/2021\/07\/IMG_1640-1024x683.jpg 1024w, http:\/\/letempledartemis.com\/wp-content\/uploads\/2021\/07\/IMG_1640-768x512.jpg 768w, http:\/\/letempledartemis.com\/wp-content\/uploads\/2021\/07\/IMG_1640-1536x1024.jpg 1536w\" sizes=\"auto, (max-width: 1920px) 100vw, 1920px\" \/><div class=\"wp-block-cover__inner-container is-layout-flow wp-block-cover-is-layout-flow\">\n<p><\/p>\n\n\n\n<p class=\"has-text-align-center has-white-color has-text-color\" style=\"font-size:31px\">   <strong><a href=\"http:\/\/letempledartemis.com\/index.php\/769-2\/\" title=\"http:\/\/letempledartemis.com\/index.php\/769-2\/\">Ringwoodie<\/a><\/strong><\/p>\n<\/div><\/div>\n\n\n\n<div class=\"wp-block-cover is-light\"><span aria-hidden=\"true\" class=\"wp-block-cover__background has-cyan-bluish-gray-background-color has-background-dim-20 has-background-dim\"><\/span><img loading=\"lazy\" decoding=\"async\" width=\"1280\" height=\"1920\" class=\"wp-block-cover__image-background wp-image-708\" alt=\"\" src=\"http:\/\/letempledartemis.com\/wp-content\/uploads\/2021\/07\/IMG_0658.jpg\" style=\"object-position:60% 29%\" data-object-fit=\"cover\" data-object-position=\"60% 29%\" srcset=\"http:\/\/letempledartemis.com\/wp-content\/uploads\/2021\/07\/IMG_0658.jpg 1280w, http:\/\/letempledartemis.com\/wp-content\/uploads\/2021\/07\/IMG_0658-200x300.jpg 200w, http:\/\/letempledartemis.com\/wp-content\/uploads\/2021\/07\/IMG_0658-683x1024.jpg 683w, http:\/\/letempledartemis.com\/wp-content\/uploads\/2021\/07\/IMG_0658-768x1152.jpg 768w, http:\/\/letempledartemis.com\/wp-content\/uploads\/2021\/07\/IMG_0658-1024x1536.jpg 1024w\" sizes=\"auto, (max-width: 1280px) 100vw, 1280px\" \/><div class=\"wp-block-cover__inner-container is-layout-flow wp-block-cover-is-layout-flow\">\n<p><\/p>\n\n\n\n<h1 class=\"has-text-align-center has-white-color has-text-color wp-block-heading\" style=\"font-size:23px\"><\/h1>\n\n\n\n<p class=\"has-text-align-center has-white-color has-text-color\" style=\"font-size:30px\"><strong><a href=\"http:\/\/letempledartemis.com\/index.php\/jolliffeite-vingt-ansza-du-temple-dartemis\/\" title=\"http:\/\/letempledartemis.com\/index.php\/jolliffeite-vingt-ansza-du-temple-dartemis\/\">Jolliffeite<\/a><\/strong><\/p>\n<\/div><\/div>\n\n\n\n<p><\/p>\n<\/div>\n\n\n\n<div class=\"wp-block-column is-vertically-aligned-center is-layout-flow wp-block-column-is-layout-flow\">\n<div class=\"wp-block-cover is-light\"><span aria-hidden=\"true\" class=\"wp-block-cover__background has-cyan-bluish-gray-background-color has-background-dim-20 has-background-dim\"><\/span><img loading=\"lazy\" decoding=\"async\" width=\"1280\" height=\"1920\" class=\"wp-block-cover__image-background wp-image-602\" alt=\"\" src=\"http:\/\/letempledartemis.com\/wp-content\/uploads\/2021\/07\/IMG_1673.jpg\" style=\"object-position:48% 66%\" data-object-fit=\"cover\" data-object-position=\"48% 66%\" srcset=\"http:\/\/letempledartemis.com\/wp-content\/uploads\/2021\/07\/IMG_1673.jpg 1280w, http:\/\/letempledartemis.com\/wp-content\/uploads\/2021\/07\/IMG_1673-200x300.jpg 200w, http:\/\/letempledartemis.com\/wp-content\/uploads\/2021\/07\/IMG_1673-683x1024.jpg 683w, http:\/\/letempledartemis.com\/wp-content\/uploads\/2021\/07\/IMG_1673-768x1152.jpg 768w, http:\/\/letempledartemis.com\/wp-content\/uploads\/2021\/07\/IMG_1673-1024x1536.jpg 1024w\" sizes=\"auto, (max-width: 1280px) 100vw, 1280px\" \/><div class=\"wp-block-cover__inner-container is-layout-flow wp-block-cover-is-layout-flow\">\n<p><\/p>\n\n\n\n<h1 class=\"has-text-align-center has-white-color has-text-color wp-block-heading\" style=\"font-size:23px\"><\/h1>\n\n\n\n<p class=\"has-text-align-center has-white-color has-text-color\" style=\"font-size:31px\"><strong><a href=\"http:\/\/letempledartemis.com\/index.php\/services\/pumpkin-diamond-lumiere-dore-du-temple-dartemis\/\" title=\"http:\/\/letempledartemis.com\/index.php\/services\/pumpkin-diamond-lumiere-dore-du-temple-dartemis\/\">Pumpkin<\/a> <\/strong><\/p>\n<\/div><\/div>\n\n\n\n<div class=\"wp-block-cover is-light\"><span aria-hidden=\"true\" class=\"wp-block-cover__background has-cyan-bluish-gray-background-color has-background-dim-20 has-background-dim\"><\/span><img loading=\"lazy\" decoding=\"async\" width=\"1280\" height=\"1920\" class=\"wp-block-cover__image-background wp-image-706\" alt=\"\" src=\"http:\/\/letempledartemis.com\/wp-content\/uploads\/2021\/07\/IMG_4272.jpg\" style=\"object-position:53% 90%\" data-object-fit=\"cover\" data-object-position=\"53% 90%\" srcset=\"http:\/\/letempledartemis.com\/wp-content\/uploads\/2021\/07\/IMG_4272.jpg 1280w, http:\/\/letempledartemis.com\/wp-content\/uploads\/2021\/07\/IMG_4272-200x300.jpg 200w, http:\/\/letempledartemis.com\/wp-content\/uploads\/2021\/07\/IMG_4272-683x1024.jpg 683w, http:\/\/letempledartemis.com\/wp-content\/uploads\/2021\/07\/IMG_4272-768x1152.jpg 768w, http:\/\/letempledartemis.com\/wp-content\/uploads\/2021\/07\/IMG_4272-1024x1536.jpg 1024w\" sizes=\"auto, (max-width: 1280px) 100vw, 1280px\" \/><div class=\"wp-block-cover__inner-container is-layout-flow wp-block-cover-is-layout-flow\">\n<p><\/p>\n\n\n\n<h1 class=\"has-text-align-center has-white-color has-text-color wp-block-heading\" style=\"font-size:23px\">Jonker&rsquo;Ak<\/h1>\n<\/div><\/div>\n\n\n\n<p><\/p>\n<\/div>\n<\/div>\n\n\n<div class=\"wp-block-image\">\n<figure class=\"aligncenter\"><img decoding=\"async\" src=\"http:\/\/letempledartemis.fr\/resources\/Jonker+CGA+2017.jpg\" alt=\"\"\/><\/figure>\n<\/div>\n\n\n<p class=\"has-text-align-center\">Jonker&rsquo;Ak Spicy Honey<br>Le premier Leonberg a remporter&nbsp;le Best In Show du Concours&nbsp;G\u00e9n\u00e9ral Agricole&nbsp;2017(mars 2017)<\/p>\n\n\n<div class=\"wp-block-image\">\n<figure class=\"aligncenter\"><img decoding=\"async\" src=\"http:\/\/letempledartemis.fr\/resources\/Goupe+avril+17.jpg\" alt=\"\"\/><\/figure>\n<\/div>\n\n\n<p class=\"has-text-align-center\">La troupe du Temple&nbsp;&#8211; De gauche \u00e0 droite -Jolliffeite, Darya, Genkini, Jomon&rsquo;ko&nbsp;(couch\u00e9e), Jonker&rsquo;Ak, Gioiella&nbsp;(en visite)&nbsp;et Ehliodore(Avril 2017)..<\/p>\n\n\n<div class=\"wp-block-image\">\n<figure class=\"aligncenter\"><img decoding=\"async\" src=\"http:\/\/letempledartemis.fr\/resources\/Groupe+Darya+10+15.jpg\" alt=\"\"\/><\/figure>\n<\/div>\n\n\n<p class=\"has-text-align-center\">Une mamie fi\u00e8re de sa descendance&nbsp;(Octobre 2015)de G \u00e0 D : Genkini, Jolliffeite, Jonker&rsquo;Ak, Jomon&rsquo;Ko et Darya<\/p>\n\n\n\n<div class=\"wp-block-columns alignfull are-vertically-aligned-center is-layout-flex wp-container-core-columns-is-layout-9d6595d7 wp-block-columns-is-layout-flex\">\n<div class=\"wp-block-column is-vertically-aligned-center is-layout-flow wp-block-column-is-layout-flow\" style=\"flex-basis:50%\">\n<div class=\"wp-block-columns is-layout-flex wp-container-core-columns-is-layout-9d6595d7 wp-block-columns-is-layout-flex\">\n<div class=\"wp-block-column is-layout-flow wp-block-column-is-layout-flow\" style=\"flex-basis:50%\"><div class=\"wp-block-image\">\n<figure class=\"aligncenter\"><img decoding=\"async\" src=\"http:\/\/letempledartemis.fr\/resources\/Groupe+jeu+15+$282$29.jpg\" alt=\"\"\/><\/figure>\n<\/div><\/div>\n\n\n\n<div class=\"wp-block-column is-layout-flow wp-block-column-is-layout-flow\" style=\"flex-basis:50%\">\n<figure class=\"wp-block-image\"><img decoding=\"async\" src=\"http:\/\/letempledartemis.fr\/resources\/Groupe+jeu+15.jpg\" alt=\"\"\/><\/figure>\n<\/div>\n<\/div>\n<\/div>\n\n\n\n<div class=\"wp-block-column is-vertically-aligned-center is-layout-flow wp-block-column-is-layout-flow\" style=\"flex-basis:50%\">\n<figure class=\"wp-block-image\"><img decoding=\"async\" src=\"http:\/\/letempledartemis.fr\/resources\/Groupe+jeu+15+$283$29.jpg\" alt=\"\"\/><\/figure>\n<\/div>\n<\/div>\n\n\n\n<p class=\"has-text-align-center\">(Octobre 2015)<br><img decoding=\"async\" src=\"http:\/\/letempledartemis.fr\/resources\/Leonberg-chat.jpg\"><img decoding=\"async\" src=\"http:\/\/letempledartemis.fr\/resources\/Leonbergs+cluny+Jonker+Genkini.jpg\">&nbsp;<\/p>\n\n\n\n<p class=\"has-text-align-center\">(Septembre 2015).<\/p>\n\n\n<div class=\"wp-block-image\">\n<figure class=\"aligncenter\"><img decoding=\"async\" src=\"http:\/\/letempledartemis.fr\/resources\/Genkini+$2B+Darya+Juin+2014.jpg\" alt=\"\"\/><\/figure>\n<\/div>\n\n<div class=\"wp-block-image\">\n<figure class=\"aligncenter\"><img decoding=\"async\" src=\"http:\/\/letempledartemis.fr\/resources\/Groupe+Juin+2014.jpg\" alt=\"\"\/><\/figure>\n<\/div>\n\n\n<p><\/p>\n<\/div><\/div>\n\n\n\n<div class=\"wp-block-group alignfull has-background\" style=\"background:linear-gradient(135deg,rgb(255,255,255) 0%,rgb(237,244,245) 100%)\"><div class=\"wp-block-group__inner-container is-layout-flow wp-block-group-is-layout-flow\">\n<div class=\"wp-block-columns is-layout-flex wp-container-core-columns-is-layout-9d6595d7 wp-block-columns-is-layout-flex\">\n<div class=\"wp-block-column is-layout-flow wp-block-column-is-layout-flow\"><div class=\"wp-block-image\">\n<figure class=\"aligncenter size-large is-resized\"><img loading=\"lazy\" decoding=\"async\" src=\"http:\/\/letempledartemis.com\/wp-content\/uploads\/2021\/07\/209618428_840150203366924_4772611251098779777_n-1024x768.jpg\" alt=\"\" class=\"wp-image-580\" width=\"389\" height=\"292\" srcset=\"http:\/\/letempledartemis.com\/wp-content\/uploads\/2021\/07\/209618428_840150203366924_4772611251098779777_n-1024x768.jpg 1024w, http:\/\/letempledartemis.com\/wp-content\/uploads\/2021\/07\/209618428_840150203366924_4772611251098779777_n-300x225.jpg 300w, http:\/\/letempledartemis.com\/wp-content\/uploads\/2021\/07\/209618428_840150203366924_4772611251098779777_n-768x576.jpg 768w, http:\/\/letempledartemis.com\/wp-content\/uploads\/2021\/07\/209618428_840150203366924_4772611251098779777_n-1536x1152.jpg 1536w, http:\/\/letempledartemis.com\/wp-content\/uploads\/2021\/07\/209618428_840150203366924_4772611251098779777_n.jpg 1984w\" sizes=\"auto, (max-width: 389px) 100vw, 389px\" \/><\/figure>\n<\/div><\/div>\n\n\n\n<div class=\"wp-block-column is-layout-flow wp-block-column-is-layout-flow\">\n<figure class=\"wp-block-image size-large\"><img loading=\"lazy\" decoding=\"async\" width=\"1024\" height=\"683\" src=\"http:\/\/letempledartemis.com\/wp-content\/uploads\/2021\/07\/image-bas-de-page-1-1024x683.jpg\" alt=\"\" class=\"wp-image-844\" srcset=\"http:\/\/letempledartemis.com\/wp-content\/uploads\/2021\/07\/image-bas-de-page-1-1024x683.jpg 1024w, http:\/\/letempledartemis.com\/wp-content\/uploads\/2021\/07\/image-bas-de-page-1-300x200.jpg 300w, http:\/\/letempledartemis.com\/wp-content\/uploads\/2021\/07\/image-bas-de-page-1-768x512.jpg 768w, http:\/\/letempledartemis.com\/wp-content\/uploads\/2021\/07\/image-bas-de-page-1.jpg 1080w\" sizes=\"auto, (max-width: 1024px) 100vw, 1024px\" \/><\/figure>\n<\/div>\n\n\n\n<div class=\"wp-block-column is-layout-flow wp-block-column-is-layout-flow\">\n<figure class=\"wp-block-image size-large\"><img loading=\"lazy\" decoding=\"async\" width=\"1024\" height=\"683\" src=\"http:\/\/letempledartemis.com\/wp-content\/uploads\/2021\/07\/image-bas-de-page-2-1024x683.jpg\" alt=\"\" class=\"wp-image-845\" srcset=\"http:\/\/letempledartemis.com\/wp-content\/uploads\/2021\/07\/image-bas-de-page-2-1024x683.jpg 1024w, http:\/\/letempledartemis.com\/wp-content\/uploads\/2021\/07\/image-bas-de-page-2-300x200.jpg 300w, http:\/\/letempledartemis.com\/wp-content\/uploads\/2021\/07\/image-bas-de-page-2-768x512.jpg 768w, http:\/\/letempledartemis.com\/wp-content\/uploads\/2021\/07\/image-bas-de-page-2.jpg 1080w\" sizes=\"auto, (max-width: 1024px) 100vw, 1024px\" \/><\/figure>\n<\/div>\n<\/div>\n\n\n\n<div class=\"wp-block-columns is-layout-flex wp-container-core-columns-is-layout-9d6595d7 wp-block-columns-is-layout-flex\">\n<div class=\"wp-block-column is-layout-flow wp-block-column-is-layout-flow\">\n<figure class=\"wp-block-image size-large\"><img loading=\"lazy\" decoding=\"async\" width=\"1024\" height=\"683\" src=\"http:\/\/letempledartemis.com\/wp-content\/uploads\/2021\/07\/image-bas-de-page-3-1024x683.jpg\" alt=\"\" class=\"wp-image-846\" srcset=\"http:\/\/letempledartemis.com\/wp-content\/uploads\/2021\/07\/image-bas-de-page-3-1024x683.jpg 1024w, http:\/\/letempledartemis.com\/wp-content\/uploads\/2021\/07\/image-bas-de-page-3-300x200.jpg 300w, http:\/\/letempledartemis.com\/wp-content\/uploads\/2021\/07\/image-bas-de-page-3-768x512.jpg 768w, http:\/\/letempledartemis.com\/wp-content\/uploads\/2021\/07\/image-bas-de-page-3.jpg 1080w\" sizes=\"auto, (max-width: 1024px) 100vw, 1024px\" \/><\/figure>\n<\/div>\n\n\n\n<div class=\"wp-block-column is-layout-flow wp-block-column-is-layout-flow\">\n<figure class=\"wp-block-image size-large\"><img loading=\"lazy\" decoding=\"async\" width=\"1024\" height=\"683\" src=\"http:\/\/letempledartemis.com\/wp-content\/uploads\/2021\/07\/image-bas-de-page-4-1024x683.jpg\" alt=\"\" class=\"wp-image-847\" srcset=\"http:\/\/letempledartemis.com\/wp-content\/uploads\/2021\/07\/image-bas-de-page-4-1024x683.jpg 1024w, http:\/\/letempledartemis.com\/wp-content\/uploads\/2021\/07\/image-bas-de-page-4-300x200.jpg 300w, http:\/\/letempledartemis.com\/wp-content\/uploads\/2021\/07\/image-bas-de-page-4-768x512.jpg 768w, http:\/\/letempledartemis.com\/wp-content\/uploads\/2021\/07\/image-bas-de-page-4.jpg 1080w\" sizes=\"auto, (max-width: 1024px) 100vw, 1024px\" \/><\/figure>\n<\/div>\n\n\n\n<div class=\"wp-block-column is-layout-flow wp-block-column-is-layout-flow\">\n<figure class=\"wp-block-image size-large\"><img loading=\"lazy\" decoding=\"async\" width=\"1024\" height=\"683\" src=\"http:\/\/letempledartemis.com\/wp-content\/uploads\/2021\/07\/IMG_0927-1-1024x683.jpg\" alt=\"\" class=\"wp-image-695\" srcset=\"http:\/\/letempledartemis.com\/wp-content\/uploads\/2021\/07\/IMG_0927-1-1024x683.jpg 1024w, http:\/\/letempledartemis.com\/wp-content\/uploads\/2021\/07\/IMG_0927-1-300x200.jpg 300w, http:\/\/letempledartemis.com\/wp-content\/uploads\/2021\/07\/IMG_0927-1-768x512.jpg 768w, http:\/\/letempledartemis.com\/wp-content\/uploads\/2021\/07\/IMG_0927-1-1536x1024.jpg 1536w, http:\/\/letempledartemis.com\/wp-content\/uploads\/2021\/07\/IMG_0927-1.jpg 1920w\" sizes=\"auto, (max-width: 1024px) 100vw, 1024px\" \/><\/figure>\n<\/div>\n<\/div>\n<\/div><\/div>\n\n\n\n<p><\/p>\n","protected":false},"excerpt":{"rendered":"<p>Par notre envie de communiquer et de partager notre attachement pour ce remarquable et puissant chien de compagnie , nous vous ouvrons ce site du Temple d&rsquo;Art\u00e9mis et nous l&rsquo;offrons en t\u00e9moignage de gratitude , \u00e0 nos L\u00e9onbergs pr\u00e9sents et \u00e0 ceux qui nous ont accompagn\u00e9 le temps d&rsquo;une route plus ou moins longue . &hellip;<\/p>\n<p class=\"read-more\"> <a class=\"\" href=\"http:\/\/letempledartemis.com\/\"> <span class=\"screen-reader-text\">Accueil<\/span> Lire la suite\u00a0\u00bb<\/a><\/p>\n","protected":false},"author":1,"featured_media":0,"parent":0,"menu_order":0,"comment_status":"closed","ping_status":"closed","template":"","meta":{"om_disable_all_campaigns":false,"_monsterinsights_skip_tracking":false,"_monsterinsights_sitenote_active":false,"_monsterinsights_sitenote_note":"","_monsterinsights_sitenote_category":0,"spay_email":"","footnotes":""},"class_list":["post-217","page","type-page","status-publish","hentry"],"_links":{"self":[{"href":"http:\/\/letempledartemis.com\/index.php\/wp-json\/wp\/v2\/pages\/217","targetHints":{"allow":["GET"]}}],"collection":[{"href":"http:\/\/letempledartemis.com\/index.php\/wp-json\/wp\/v2\/pages"}],"about":[{"href":"http:\/\/letempledartemis.com\/index.php\/wp-json\/wp\/v2\/types\/page"}],"author":[{"embeddable":true,"href":"http:\/\/letempledartemis.com\/index.php\/wp-json\/wp\/v2\/users\/1"}],"replies":[{"embeddable":true,"href":"http:\/\/letempledartemis.com\/index.php\/wp-json\/wp\/v2\/comments?post=217"}],"version-history":[{"count":55,"href":"http:\/\/letempledartemis.com\/index.php\/wp-json\/wp\/v2\/pages\/217\/revisions"}],"predecessor-version":[{"id":1220,"href":"http:\/\/letempledartemis.com\/index.php\/wp-json\/wp\/v2\/pages\/217\/revisions\/1220"}],"wp:attachment":[{"href":"http:\/\/letempledartemis.com\/index.php\/wp-json\/wp\/v2\/media?parent=217"}],"curies":[{"name":"wp","href":"https:\/\/api.w.org\/{rel}","templated":true}]}}